 45981 is divided by 291.
3
Calculate the remainder when 4340 is divided by 46.
16
What is the remainder when 373946 is divided by 373943?
3
What is the remainder when 5427 is divided by 10?
7
What is the remainder when 13698 is divided by 428?
2
Calculate the remainder when 58 is divided by 54.
4
Calculate the remainder when 23799 is divided by 48.
39
Calculate the remainder when 724174 is divided by 18.
16
Calculate the remainder when 60260 is divided by 216.
212
Calculate the remainder when 74443 is divided by 74.
73
What is the remainder when 396750 is divided by 367?
23
What is the remainder when 25757 is divided by 497?
410
What is the remainder when 9200 is divided by 12?
8
What is the remainder when 27948 is divided by 76?
56
Calculate the remainder when 115151 is divided by 1225.
1
Calculate the remainder when 4589 is divided by 807.
554
Calculate the remainder when 22881 is divided by 5548.
689
What is the remainder when 2748 is divided by 2203?
545
What is the remainder when 4126 is divided by 35?
31
What is the remainder when 28377 is divided by 677?
620
What is the remainder when 4438 is divided by 370?
368
Calculate the remainder when 46296 is divided by 601.
19
Calculate the remainder when 861 is divided by 292.
277
What is the remainder when 564467 is divided by 311?
2
What is the remainder when 2711 is divided by 889?
44
Calculate the remainder when 16276 is divided by 4067.
8
Calculate the remainder when 1236 is divided by 807.
429
What is the remainder when 8601 is divided by 6?
3
Calculate the remainder when 18650 is divided by 109.
11
Calculate the remainder when 88415 is divided by 9.
8
What is the remainder when 3234 is divided by 1523?
188
Calculate the remainder when 34909 is divided by 411.
385
What is the remainder when 709 is divided by 598?
111
Calculate the remainder when 4977 is divided by 622.
1
What is the remainder when 683853 is divided by 108?
105
What is the remainder when 22448 is divided by 13?
10
Calculate the remainder when 43573 is divided by 110.
13
Calculate the remainder when 56495 is divided by 82.
79
Calculate the remainder when 250583 is divided by 30.
23
What is the remainder when 77160 is divided by 8?
0
What is the remainder when 13723 is divided by 126?
115
Calculate the remainder when 8403 is divided by 664.
435
What is the remainder when 234918 is divided by 20?
18
Calculate the remainder when 48911 is divided by 20.
11
Calculate the remainder when 1343 is divided by 301.
139
What is the remainder when 2233 is divided by 731?
40
Calculate the remainder when 19535 is divided by 11.
10
Calculate the remainder when 10052 is divided by 651.
287
What is the remainder when 1453 is divided by 1450?
3
Calculate the remainder when 2386 is divided by 95.
11
What is the remainder when 4419 is divided by 32?
3
Calculate the remainder when 1933542 is divided by 77.
72
What is the remainder when 73479 is divided by 25?
4
Calculate the remainder when 2001 is divided by 148.
77
What is the remainder when 4112 is divided by 457?
456
What is the remainder when 18464 is divided by 6125?
89
What is the remainder when 926946 is divided by 3693?
3
What is the remainder when 967646 is divided by 120954?
14
Calculate the remainder when 59968 is divided by 15.
13
What is the remainder when 1389173 is divided by 69?
65
What is the remainder when 6654 is divided by 1550?
454
What is the remainder when 5991 is divided by 2149?
1693
What is the remainder when 9224 is divided by 120?
104
What is the remainder when 40078 is divided by 171?
64
Calculate the remainder when 21656 is divided by 361.
357
Calculate the remainder when 14797 is divided by 174.
7
Calculate the remainder when 4313189 is divided by 690.
689
What is the remainder when 219371 is divided by 975?
971
Calculate the remainder when 1399 is divided by 1378.
21
What is the remainder when 3994132 is divided by 38?
28
What is the remainder when 126461 is divided by 602?
41
What is the remainder when 361 is divided by 8?
1
Calculate the remainder when 352648 is divided by 274.
10
What is the remainder when 8606 is divided by 1160?
486
What is the remainder when 8548 is divided by 477?
439
What is the remainder when 65321 is divided by 17?
7
Calculate the remainder when 3948 is divided by 107.
96
Calculate the remainder when 52591 is divided by 809.
6
Calculate the remainder when 12978 is divided by 1170.
108
Calculate the remainder when 3336 is divided by 74.
6
What is the remainder when 18907 is divided by 841?
405
Calculate the remainder when 35811 is divided by 11.
6
What is the remainder when 21600 is divided by 10767?
66
Calculate the remainder when 4998 is divided by 455.
448
Calculate the remainder when 3054969 is divided by 35.
29
What is the remainder when 41718 is divided by 339?
21
Calculate the remainder when 943 is divided by 467.
9
Calculate the remainder when 3275 is divided by 1634.
7
What is the remainder when 23419 is divided by 570?
49
What is the remainder when 142066 is divided by 29?
24
What is the remainder when 596959 is divided by 842?
823
Calculate the remainder when 4760 is divided by 9.
8
What is the remainder when 3123 is divided by 3018?
105
What is the remainder when 15962 is divided by 17?
16
Calculate the remainder when 22286 is divided by 2782.
30
Calculate the remainder when 12395 is divided by 243.
2
What is the remainder when 228045 is divided by 264?
213
What is the remainder when 6247 is divided by 1358?
815
Calculate the remainder when 84664 is divided by 21162.
16
What is the remainder when 5863 is divided by 165?
88
What is the remainder when 1598 is divided by 1269?
329
What is the remainder when 1079193 is divided by 1618?
1605
What is the remainder when 2097 is divided by 685?
42
Calculate the remainder when 70350 is divided by 135.
15
Calculate the remainder when 13479 is divided by 2245.
9
What is the remainder when 63924 is divided by 7987?
28
What is the remainder when 1655 is divided by 99?
71
What is the remainder when 243899 is divided by 243799?
100
Calculate the remainder when 90204 is divided by 33.
15
Calculate the remainder when 50629 is divided by 58.
53
What is the remainder when 205116 is divided by 72?
60
Calculate the remainder when 19503 is divided by 424.
423
Calculate the remainder when 253 is divided by 172.
81
What is the remainder when 55100 is divided by 61?
17
Calculate the remainder when 1539 is divided by 20.
19
Calculate the remainder when 14576 is divided by 14535.
41
What is the remainder when 69999 is divided by 23312?
63
What is the remainder when 377 is divided by 9?
8
What is the remainder when 3101 is divided by 48?
29
What is the remainder when 7365 is divided by 27?
21
Calculate the remainder when 18194 is divided by 1808.
114
Calculate the remainder when 184449 is divided by 120.
9
Calculate the remainder when 1501811 is divided by 19.
13
What is the remainder when 9259 is divided by 9251?
8
Calculate the remainder when 11300 is divided by 1843.
242
What is the remainder when 266 is divided by 101?
64
What is the remainder when 96611 is divided by 565?
561
What is the remainder when 67099 is divided by 6?
1
What is the remainder when 1115006 is divided by 281?
279
What is the remainder when 133897 is divided by 125?
22
Calculate the remainder when 2348094 is divided by 608.
606
What is the remainder when 144464 is divided by 48146?
26
What is the remainder when 35158 is divided by 17489?
180
What is the remainder when 17668 is divided by 8832?
4
What is the remainder when 3373 is divided by 168?
13
Calculate the remainder when 4033 is divided by 225.
208
What is the remainder when 318 is divided by 195?
123
Calculate the remainder when 19196 is divided by 211.
206
Calculate the remainder when 257086 is divided by 206.
204
Calculate the remainder when 474 is divided by 456.
18
What is the remainder when 2152 is divided by 1062?
28
What is the remainder when 585819 is divided by 107?
101
Calculate the remainder when 5389 is divided by 21.
13
Calculate the remainder when 14408 is divided by 22.
20
What is the remainder when 12450 is divided by 755?
370
What is the remainder when 5444 is divided by 2602?
240
Calculate the remainder when 17632 is divided by 23.
14
What is the re